5 - (10 + -32).
6
What is 3 - (-14 - (3 + -1))?
19
What is 2 - (1 + -3 + 3)?
1
-7 + 6 - (-2 - 0)
1
Calculate (-426 - -431) + (-2 - (-19 + -2)).
24
8 - (-14 + 47 - (2 + -10))
-33
1 - (15 + -24 + 12)
-2
Calculate -3 + 8 + (33 - 5 - (3 - 0)).
30
-42 + 10 + 26 - (0 + (-5 - 4))
3
Evaluate (-31 + 66 - 5) + -10.
20
-9 + 20 + 3 + -9 + 1
6
Evaluate (-284 - -262) + (-7 - (2 + -2 + -4)).
-25
What is -61 + 36 + 0 + 15?
-10
Evaluate 10 + (-6 + -25 - -18).
-3
What is -4 + (14 + -5 - 16) + 6?
-5
What is the value of 470 + -487 + (28 - 1)?
10
What is the value of -1 + 16 - (-19 + -2 - (-108 + 94))?
22
18 + (2 - 6) - -5 - (6 + -2)
15
What is the value of -6 - ((-4 - -7) + (-2 - 1 - -3))?
-9
Evaluate -11 - ((2 - (5 + (-1 - 3))) + 8).
-20
Evaluate 35 + (16 - 34) + (-3 - -6) + -2.
18
What is the value of 10 - (17 + -18 + (-8 - -7))?
12
Calculate (109 - 111) + 1 + 8.
7
Evaluate 0 - (-15 + 30 - (-5 + 5)).
-15
Calculate (1 + -1 - -4) + (11 - -1 - 25).
-9
What is 18 + (15 - 8 - 19)?
6
23 + 9 + -29 + -18
-15
What is the value of (-1 - -4) + 10 + 5 + -11?
7
Calculate -7 - 1 - (-22 + 4).
10
What is -2 - -12 - 11 - -8?
7
Calculate (13 - -2) + (177 - 182).
10
What is the value of -13 + 15 + (4 - 19)?
-13
What is -2 + 0 + (14 - (3 + 10))?
-1
What is (15 - 22 - -23) + -22?
-6
Evaluate 1 + 16 + (7 - 20).
4
Evaluate -59 - 1 - (-646 + 615).
-29
Calculate 1 + -7 + (45 - 28).
11
Evaluate -1 + -1 - (128 - 129).
-1
Evaluate 14 + (-41 - -44 - (8 - 0)) - 3.
6
Evaluate 4 + 1 + (16 + -7 + 4 - 14).
4
Evaluate 22 + 15 - (38 + -18).
17
What is the value of 2 + (-1 - -7 - (64 + -64)) - -1?
9
What is 22 + ((-9 - 8) + 8 - -1)?
14
4 + -5 + 1 - 1 - (-14 + 1)
12
What is (3 - 1 - -2) + 39 + -50?
-7
Calculate ((5 - 9) + -3 - 5) + -1 + -1.
-14
What is the value of (-7 - (2 + -17 + 7)) + 0 + -10?
-9
What is the value of (-3 - (-10 - 7)) + -10 + 2 - -20?
26
What is -7 + 12 + (-11 - -17)?
11
Calculate (30 - 14 - 3) + -12.
1
What is (14 - 5) + (-7 - 4) + -25 + 5?
-22
9 + -10 - (-14 + 13)
0
What is (-1 - -31) + (-106 - -98) + -3?
19
Evaluate (1 - 5) + 487 + -498.
-15
Evaluate 5 - (-15 + 12 + 8 + -3).
3
Calculate -21 + 5 + 15 + -11 + 1.
-11
Evaluate (4 - 63) + 51 + 2 + 1 + -1.
-6
What is -3 + 11 + 8 + -9 + -1 + -5?
1
What is (7 + -7 - (-2 + (-1 - 0))) + -6?
-3
Calculate -1 + -1 + 2 + 4 + 23 + -28.
-1
(34 - 38) + (1 + 0 - (-11 - 0))
8
Evaluate 1 - (-12 + 15 + -11 + 25).
-16
What is the value of (-2 - 9) + 16 + 1 + -12 + 0?
-6
Evaluate (-3 - (-4 - -6 - 9)) + 3 + -4.
3
What is (4 - 0) + (9 - (-12 + 34))?
-9
What is the value of 5 + -28 + 26 + -19?
-16
Calculate 12 + -22 + 5 + (1 - 0).
-4
What is the value of -1 + -1 - (30 + 3 + -8 + 0)?
-27
What is the value of 7 + 0 - (-383 - -362)?
28
15 + -1 - (172 + -172) - (3 + -1)
12
Calculate 2 + (24 + -24 - (0 - -4)).
-2
Calculate 0 + 5 - (17 + -22 + 20).
-10
What is the value of 5 + -36 - (-46 + 47) - -6?
-26
18 + -23 + -8 + -2
-15
4 - ((14 - -11) + -22 - (-1 + 4))
4
Calculate -21 + 13 + 16 - -5.
13
Evaluate 591 + -602 - (-18 - (5 - 3)).
9
Calculate 8 - (5 - (23 + (-14 + -1 - -5))).
16
What is -127 + 128 + 5 + -1?
5
Evaluate (-6 - (-14 + 3)) + -2 + -7 + 0.
-4
18 + 1 + 0 - 14
5
Calculate (1 - (0 + 7)) + -17 + 15.
-8
Calculate (-21 - -10) + (20 - 1).
8
Calculate (-10 - (11 + -23)) + -8.
-6
Calculate 2 + (-18 - (-12 - -9) - 4) + 8.
-9
What is the value of (-260 - -251 - (20 - -1)) + (-2 - -1)?
-31
(5 - 11) + 159 + -138
15
Evaluate -2 + 6 + 219 + -217.
6
Calculate -2 + (2 - -2) + 2 + 2 + -10.
-4
What is 10 - (-11 + (26 - 24) - (-1 - -11))?
29
Calculate (-1 - -4 - (18 + -10)) + 7.
2
What is the value of -9 + 0 + -58 + 62?
-5
What is the value of 10 + -4 + 71 + -8 + -43?
26
What is 19 - 0 - (-39 - -21 - -22)?
15
What is -12 - (-4 - (1 - 3)) - (-136 - -144)?
-18
What is 19 + -20 + (-15 - -14) + -2 + 1?
-3
What is the value of -6 - (5 + -39 - -10)?
18
What is (-40 - -22) + 22 + -1?
3
(3 - 2) + (-62 - -122) + -52
9
Evaluate -1 + 1 + -5 + -25 + 32.
2
What is the value of 0 + 8 + 11 + (7 - (-10 - -20))?
16
What is -2 + -6 - -14 - ((-8 - -4) + -3)?
13
What is 6 + -22 + 6 - ((13 - 24) + 13)?
-12
40 + -55 + (-9 - 4)
-28
What is the value of -10 + (19 - (11 + -10) - (-1 - -10))?
-1
Evaluate (5 - 20 - 9) + 19 + -23.
-28
Calculate 47 + -12 + -30 + 7 + 1.
13
-24 + 8 - -24 - 9
-1
Calculate -10 + 21 + 6 + -11 + (0 - 21).
-15
-5 + (4 - (11 + (-9 - 9)))
6
Evaluate (-3 - -2) + 16 + -7 + 2 + -7.
3
Evaluate 6 + -9 + 6 - (0 - -3 - 6).
6
Evaluate 6 - (0 + (-17 - -7 - -3)).
13
Calculate -32 + (-1 - -5) + (-133 - -136) - 1.
-26
What is the value of 78 + -67 - (-1 + 10) - 5?
-3
Calculate 29 + -24 + (-6 + -14 - 4).
-19
What is the value of 25 + -8 + 16 + 2 + -4?
31
What is -14 + 11 + -10 + 23 + 13?
23
What is 2 - (3 + -8 + 2 - (35 + -37))?
3
13 + -33 - (-10 - -8 - -8)
-26
Evaluate (-16 - -41) + (-13 - 9).
3
Evaluate -16 + 87 + -32 - 59.
-20
What is the value of 10 - (-18 + 12) - 1?
15
What is the value of 7 - (-23 - -47 - 20)?
3
Calculate 127 + -133 + -3 + -1.
-10
Evaluate -15 - (39 + -36) - (0 - 1).
-17
Calculate 42 + (4 - (15 + -17 + 11)).
37
What is 40 + -73 + 31 + (-17 + -2 - 2)?
-23
What is the value of -15 + 0 - (55 - 63)?
-7
(10 - (-17 - (-46 - -6))) + -24
-37
Calculate 15 + -1 + 222 + -202.
34
(0 - 1) + (20 + -7 - 2 - 3)
7
Evaluate 10 + (0 + -2 + 9 - 4).
13
Calculate -14 + 3 + (-35 - -10) + 35.
-1
Evaluate -2 - -10 - (15 + 3 + 4).
-14
What is the value of (-26 - (-45 + 25)) + (2 - (-5 + 31))?
-30
Calculate 34 + (11 + -12 - -5) + -17.
21
Calculate (-3 - 1) + (-10 - (-18 + -6)).
10
Calculate -1 + (-7 - (9 + -2 + -24)).
9
Evaluate 13 + 1 + 1 + -25 + (-24 - -39).
5
Calculate -3 + 3 + 4 + (-12 - -5).
-3
What is -9 + (-15 - -26 - 2)?
0
(-4 - (-2 + -1 + -9)) + (212 - 243)
-23
Calculate 11 - -1 - (-5 - 1).
18
Evaluate (18 - (-2 - -38)) + (5 - -2).
-11
What is the value of (4 - -20 - 11) + -11 - -5?
7
Evaluate 8 + -14 - (-3 + 4 + -9).
2
Evaluate -22 + 26 + (-17 - 1).
-14
What is the value of 0 - (-36 - -27) - -22?
31
What is (14 - (-13 - -16)) + 2?
13
10 - (-23 - -23 - -25)
-15
(241 - 284) + (21 - -1)
-21
What is 1 - 1 - (10 - (10 + -7))?
-7
What is the value of -10 - (4 + 27 + (-6 - 10))?
-25
Evaluate -9 + (14 - 20) + 0 + -2.
-17
What is (-8 + 4 - 0) + (7 - (-5 + 19))?
-11
What is the value of (-13 + 5 - 13) + 16?
-5
Calculate (3 + 7 - 7) + -1 + 0 + 2.
4
Calculate (5 - 1) + 1 + -9 + -2 + 22.
16
What is (4 - 16) + 4 - (-18 - -1)?
9
Evaluate 2 + 3 - (0 - 11).
16
What is the value of 14 + -12 + 13 - (11 + -6)?
10
What is -1 + 29 - (17 - (16 + -13))?
14
What is 8 + -16 + 11 - 15?
-12
What is -235 - -228 - ((2 - 4 - -3) + -11)?
3
Calculate (-1 - -13) + 89 + -105.
-4
What is the value of 5 + 2 + (7 + 15 + -27 - -10)?
12
What is (63 + -18 - 46) + -1?
-2
What is the value of (-18 - -39 - 7) + -28?
-14
-267 - -266 - (3 + -22)
18
What is (-4 - (-15 + 11)) + -2 + -14?
-16
Calculate 3 + 1 - 10 - -8.
2
Calculate 9 + (2 - -2) - (7 - (1 + 12)).
19
Evaluate (9 - 3 - 4) + -1 + -11 + -1.
-11
What is -2 + -3 - (-10 + -21)?
26
Evaluate -8 - (-16 + -1 + 14 + (-4 - 1)).
0
Calculate (5 - -20 - 14) + -1 + 0 - -2.
12
What is -221 - -222 - (4 - -3)?
-6
What is the value of -20 + 23 + (-14 - -5)?
-6
What is the value of -16 - (-16 - -1 - (1 + -2) - -7)?
-9
What is -3 - (-7 - 0) - (0 + 4 + -7)?
7
(22 - 10) + -13 - (1 + 1)
-3
-1 + -12 - (265 + -271)
-7
Evaluate -7 - (11 + -9 - 1) - 5.
-13
What is the value of 9 - 6 - (22 - (-4 - -8))?
-15
(4 - -2 - 0) + -1 + 12
17
Calculate (2 - -1) + (-168 - -175).
10
Calculate 21 + (-49 - -17) + 15.
4
Evaluate -2 + 14 - 16 - -4.
0
What is 23 - 26 - -11 - (0 + -1 + 7)?
2
What is -9 - (-7 - 17 - -6)?
9
What is (-20 - -30) + -12 + -1?
-3
Evaluate 13 - (-11 + 17 + 3).
4
Calculate 3 - 13 - (-5 - (23 + -5)).
13
Calculate (86 - 95) + 66 + -24.
33
What is the value of -19 - (-29 - ((-18 - -17) + -17))?
-8
Calculate (7 - 17) + 90 + -93.
-13
What is (-10 - -4) + (2 - 0) + 145 + -151?
-10
What is the value of -310 + 318 + (2 - 0) + -10?
0
What is the value of (3 - (49 + -3)) + 29?
-14
What is -2071 + 2070 - (-4 + (0 - (-2 + 1)))?
2
What is (2 - 6 - -9) + -4 - 4 - 6?
-9
Calculate -17 + (22 - (23 + -12)) + (0 - -12).
6
What is the value of -24 - (-10 - (4 + -2))?
-12
What is -2 - ((-2 - (8 + 3)) + 8)?
3
Evaluate -3 + 0 - (5 + -11 - -2).
1
Evaluate 4 + -9 + 9 + -36 + (1 - -4).
-27
What is the va